). Suppose 0*q - r = -4*q. Calculate the greatest common divisor of q and 9.
9
Let s be 2 + 14 + -1 - -1. Let c(u) = 4*u**2 - 5*u - 3. Let a be c(-4). Let y = 225 - a. What is the greatest common divisor of s and y?
16
Let o(k) = k**2 + 2*k + 3. Let a be 2*(-2)/(1 - 2). Let d be o(a). Let g be 576/((-1512)/(-42)) - (6 - 2/(-2)). What is the highest common divisor of d and g?
9
Suppose 4*f - 5*r + 19 = f, 3*f + r = -7. Let x be -19*(4/(-2) + f). What is the highest common divisor of 38 and x?
19
Suppose -276*m = -264*m - 1716. Let b(s) = 3*s**2 - 2*s - 3. Let d be b(-2). What is the highest common divisor of d and m?
13
Let m be (7 - (-188)/(-6))*-60. What is the highest common factor of 20 and m?
20
Suppose 179 = s + 3*z, 189 = -2*s + 5*z + 492. Calculate the greatest common divisor of 410 and s.
82
Let r(w) = -51 + 23 - w + 4*w**2 + w**3 + 21. Let m be r(-3). Suppose 18 = -f - 2*o - 3*o, -4*f = 2*o. Calculate the highest common factor of f and m.
1
Suppose -4*h = -3*i + 12, -2*h - 3*h = 15. Let k be 7/(-14)*(i + -36). Calculate the highest common factor of k and 18.
18
Suppose 21 = 18*y - 33. Let b(r) = 8*r**2 - 2*r + 5. Let f be b(2). Calculate the greatest common factor of f and y.
3
Suppose -96 + 555 = 3*y. Calculate the greatest common factor of y and 17.
17
Suppose 0 = -29*h + 24*h + 190. Let x(i) = 19*i. Let u be x(3). What is the highest common factor of h and u?
19
Let v(i) = -4*i - 1. Let o be v(2). Let z be (1 - o)*(3 + 5). What is the greatest common factor of 32 and z?
16
Let o = 99 + -14. Let u(i) = -6 - i + 9 + 9. Let s be u(-5). What is the highest common factor of o and s?
17
Suppose 23*f = 1026 - 60. Calculate the highest common divisor of f and 112.
14
Let c(i) = i**2 + i + 5. Let d be c(-4). Suppose 4*v - 4 = 8. Suppose 0 = -v*l + 5*l - 136. What is the greatest common factor of l and d?
17
Let w(t) = 7*t**2 - 10*t + 12. Let d be w(-5). Let p = 335 - d. What is the greatest common factor of 14 and p?
14
Let z(o) be the third derivative of 1/60*o**5 + 1/3*o**4 + 0 + 3*o**2 + 0*o - 5/3*o**3. Let u be z(-10). Calculate the greatest common divisor of u and 50.
10
Let j be ((-14)/6)/((-8)/288). Calculate the greatest common factor of 147 and j.
21
Let x be 9 + (90/(-9))/10. What is the greatest common factor of x and 6?
2
Let g be 18/63*(15 - 1). Suppose g*s - 462 + 142 = -2*t, -2*t + 323 = 3*s. Let p = t + -88. What is the highest common divisor of 13 and p?
13
Suppose 2*u = 3*a - 130, 3*u - 4*a + 6*a = -169. Let w = -52 - u. What is the greatest common factor of 56 and w?
7
Suppose 57*p = 65*p - 13824. Calculate the greatest common divisor of 27 and p.
27
Let p = -2360 - -2880. What is the highest common divisor of 32 and p?
8
Let c(v) = -21*v + 6. Let k(q) = -q + 7. Let n be k(10). Let y be c(n). Suppose 39 = 6*z - y. Calculate the greatest common divisor of z and 9.
9
Let l = 49 + -44. Suppose 11 = l*x - 14. What is the greatest common divisor of x and 5?
5
Let n be 4 - (-1 - -4) - -2. Let d be (n/(-4))/(26/(-8) + 3). What is the highest common factor of d and 4?
1
Let w = 134 - 35. What is the highest common factor of 66 and w?
33
Let a(s) be the second derivative of s**3/3 + 27*s**2/2 - 8*s. Let k be a(-11). Suppose -10*m + k*m + 330 = 0. Calculate the highest common divisor of m and 44.
22
Suppose 5*g - 117 = j, -3*g + 85 - 1 = 4*j. Calculate the greatest common factor of g and 2220.
12
Suppose 5*h + 5*w + 205 = 0, -3*w = 3*h + 2*w + 131. Let d = 129 - 145. Let k = d - h. Calculate the greatest common factor of 3 and k.
3
Suppose -3*l + 9 = 0, -l = -5*c - 0*l + 1592. Let m(s) = s**3 + 10*s**2 - 2*s + 9. Let n be m(-10). What is the highest common factor of n and c?
29
Let h = 1265 + -1263. Suppose -1 = i - 2. Calculate the highest common divisor of h and i.
1
Let q be (348/(-27))/(-2) + (-60)/135. Calculate the highest common divisor of 78 and q.
6
Let m(w) = 2*w**3 - 29*w**2 + 15*w - 8. Let n be m(14). Let u be ((-3)/n - 1) + (-38)/(-4). What is the highest common divisor of 64 and u?
8
Let j be (5/3)/(-5) + 56/(-12). Let s be 7/j + 1 - 18656/(-265). Calculate the greatest common divisor of s and 28.
14
Let m be (2/2)/((-4)/(-40)). Suppose n + m = 3*n. Suppose -s - 23 = -2*l + 2*s, 0 = 4*l - n*s - 47. Calculate the highest common factor of l and 130.
13
Let l(u) = u**3 + 7*u**2 + 5. Let y be l(-7). Let n(c) = 6*c**2 - c. Let j be n(1). Suppose j = h - 0. What is the greatest common factor of y and h?
5
Suppose 6*o - 1 = -25. Let k = o + 3. Let b = 20 + k. Calculate the greatest common factor of 133 and b.
19
Let j = 10 + -6. Let w(s) = -2*s**3 - 21*s**2 - 10*s + 1. Let v be w(-10). Let k = 1 + v. What is the greatest common factor of k and j?
2
Let c be (210/8)/(52/208). What is the highest common factor of c and 150?
15
Let k be ((-8)/10)/2 - (-63)/(-5). Let b = k + 16. What is the highest common divisor of 24 and b?
3
Suppose -1 = -30*w + 31*w, 0 = 5*x - 5*w - 15. Calculate the greatest common divisor of x and 514.
2
Suppose 4*n + 4*c - 156 = 0, -2*n + 69 + 5 = -2*c. Let q = -519 - -785. Calculate the highest common divisor of n and q.
38
Let o(q) = 2*q**2 + 9*q - 417. Let y be o(-20). Calculate the greatest common factor of 21 and y.
7
Let m(s) = -3*s - 2. Let a be m(-3). Suppose 2*p - 4 = -5*l, p - 4*l + a*l = 0. Calculate the highest common factor of p and 4.
4
Let f = -9 - 48. Let b = -29 - f. Let a = -8 + b. Calculate the highest common divisor of a and 160.
20
Let j = -9 + 1. Let g be (-1)/(-4) + (-118)/j. Let c = 90 + 75. What is the greatest common factor of c and g?
15
Suppose -19 + 13 = -3*o. Suppose o*a + 28 = 6*a. Calculate the greatest common divisor of 56 and a.
7
Suppose 4*x + 5*b = 29, -2*x + 6*b - 8*b + 14 = 0. What is the greatest common divisor of 1194 and x?
6
Let m(z) = z**3 + 6*z**2 + 5*z + 3. Let x be m(-3). Suppose -44*o + 185 = -7*o. Calculate the greatest common factor of x and o.
5
Let q(v) = -v**2 + v - 1. Let m be q(-7). Let j be 10/1*m/(-6). Suppose j = 2*a + 3*a. What is the highest common factor of 133 and a?
19
Let h(k) = -k**3 + 10*k**2 - 6*k - 8. Let n(p) = 11*p - 2. Let i be n(1). Let t be h(i). What is the greatest common divisor of t and 209?
19
Let k(i) = -23*i + 450. Let h be k(15). Calculate the greatest common divisor of h and 465.
15
Suppose -p = 2*c - 66, -3*c + 564 - 141 = 6*p. Suppose -3*t + 2*t = 5*n - 13, 5 = 5*n. What is the greatest common factor of p and t?
8
Let b be 1 + 1 + 12/(-16)*-8. Let g(q) = -q**3 + 4*q**2 - 3*q - 4. Let u be g(3). Let w be 78/b - 1/u. What is the greatest common divisor of w and 60?
10
Let s be (6/(-5))/((-3)/45). Let q be 22/4*(-2 + 4). Let z = q - 9. Calculate the highest common factor of z and s.
2
Let i = -1 + 5. Suppose c = -5*t + 17, 4*c - i = -c + 2*t. Let u be c/(-6) - 662/(-6). What is the highest common divisor of 10 and u?
10
Suppose 36 = 7*m - 2*m - 3*z, 0 = 3*m - 3*z - 24. Suppose -m*p + 71 = 5. Calculate the highest common divisor of p and 121.
11
Suppose 8 = 4*x - 0*x. Suppose -x*n + 3*r - 37 = -3*n, -4*n + r = -109. What is the highest common divisor of 7 and n?
7
Suppose 2*d = -0*d + 8. Suppose 0 = 3*y - 9, -y - 3*y + 24 = d*w. Suppose 5*g - w*g = 198. Calculate the greatest common divisor of 9 and g.
9
Let v(t) = t - 19. Let i be v(7). Let s be (i/10)/((-3)/70). Calculate the greatest common factor of 4 and s.
4
Let z(b) = b**2 - 39*b + 143. Let n be z(36). What is the highest common factor of n and 91?
7
Suppose -2*l + 200 = -l - s, -392 = -2*l - 2*s. Let z = 30 + -12. What is the greatest common divisor of l and z?
18
Suppose 10 = 5*j, 59 - 1345 = -4*i - 3*j. What is the highest common factor of i and 5?
5
Let k(j) = -j**2 + 6*j - 3. Let s be k(4). Suppose 4*n - 6*a = -s*a + 257, 3*n = 3*a + 186. What is the highest common factor of n and 13?
13
Let h be 5/(-2)*(-24)/30. Suppose -4*q + 3*l + 110 = h, 0 = -4*l. What is the highest common factor of q and 54?
27
Let t = -35 + 37. Suppose -z = -t*w - 43, 3*z + w = -3*w + 89. What is the greatest common factor of 140 and z?
35
Let z = 8 + 12. Suppose -6*u + z = -u. Let f be ((-72)/14)/(u/(-42)). Calculate the highest common divisor of f and 81.
27
Suppose -4*y + 19 = 3*k, 0 = 5*y + 2*k - k - 21. Suppose 4*s + 0*q + 612 = y*q, 3*q = 0. Let z = -69 - s. Calculate the highest 